on divisor of f and 15.
15
Suppose d + 3*u = 3*d - 30, -d - 3*u + 33 = 0. Suppose 0 = -x - 38 + 185. What is the greatest common divisor of x and d?
21
Let u = -29 + 9. Suppose -21 - 16 = t. Let h = u - t. Calculate the greatest common divisor of h and 68.
17
Suppose -5*z + 75 = -0*z. Let t be (3 - -9)/(6/4) - 3. What is the greatest common factor of t and z?
5
Suppose 0 = 4*k - 7067 - 13. What is the highest common divisor of k and 236?
118
Let p be (860/129)/(2/27*3). Calculate the highest common factor of 12 and p.
6
Suppose -o = -3*o + 4*y - 24, -5*o - 2*y = 24. Let l be o/(-2)*(-816)/(-18). Let g = 37 + -20. What is the highest common factor of l and g?
17
Suppose -2*o = -h - 3*h + 50, -5*o = h + 15. Let z(m) = 8*m - 44. Let r be z(h). Calculate the greatest common factor of 36 and r.
36
Let g = 23 + 13. Let s = g + -19. What is the highest common divisor of s and 187?
17
Let p be 251 - 28/(-7) - (5 + -3). What is the highest common divisor of p and 11?
11
Let v(a) = a**3 - 7*a**2 + 7*a - 1. Let i = 2 - -4. Let l be v(i). Suppose -25 = -3*f - 3*g + 32, f + l*g = 39. What is the greatest common divisor of 14 and f?
14
Let m be 5 - (-1)/(3/(-6)). Let s be 22/33*(-15)/2. Let k be 49/m + s/15. What is the greatest common divisor of k and 2?
2
Let v(y) = -y**2 + 28*y - 37. Let o be v(23). Suppose 3*u + 116 = 4*h, 0 = 2*h - 3*u - 69 + 5. What is the greatest common divisor of h and o?
26
Suppose -5*d + 109 = 84. What is the greatest common divisor of 40 and d?
5
Let v(h) = h**2 + 25*h + 175. Let u be v(-13). What is the highest common factor of 475 and u?
19
Let k be (8 + 345/(-30))/(2/(-108)). What is the highest common factor of k and 21?
21
Let d be 46/(-276) + (-11001)/(-18). Calculate the highest common factor of d and 13.
13
Let i = 24 + 0. Suppose 3*a = 5*j + 97, -3*a = -3*j + 2*j - 77. What is the highest common divisor of a and i?
24
Suppose 579 = 6*f - 249. What is the highest common factor of f and 92?
46
Let i = -1477 + 1480. What is the highest common divisor of 219 and i?
3
Suppose 36 = 2*m - 110. Let s = -67 + m. Calculate the greatest common divisor of 6 and s.
6
Suppose -5*z - 3 + 58 = 3*v, z + 2 = 2*v. Let r be (24 - 20)*2/z. Let i(g) = 5*g**2 - 1. Let l be i(1). What is the greatest common factor of r and l?
1
Let r = -201 - -255. What is the highest common factor of r and 2?
2
Let v be -1 + 38/4*2. Let u = -1624 + 1633. Calculate the greatest common divisor of v and u.
9
Let l be (-1)/(-3) - 178/(-6). Let s(c) = l*c + 2*c + 17*c + 3 - 6. Let t be s(3). Calculate the greatest common factor of t and 16.
16
Suppose 22*p = 19*p + 54. Calculate the greatest common divisor of p and 288.
18
Let v be (28/8 - 3)*56/1. Let i = 205 - -90. Suppose -i = -4*h + 489. Calculate the greatest common divisor of h and v.
28
Suppose -3*f - 15 = -36. Suppose 7*i = 2*i + 280. Calculate the greatest common divisor of f and i.
7
Let y = 2702 + -2562. Let a = -25 - -39. Calculate the highest common factor of y and a.
14
Suppose -1828 = -4*j - 5*u, 3*j - u - 2*u = 1398. Suppose 15*x - 12*x - j = 0. What is the greatest common divisor of 22 and x?
22
Let l(a) = a**3 - a + 1. Let d be l(2). Suppose 0 = i, -4*o + 3*i - d*i + 64 = 0. Calculate the highest common divisor of o and 72.
8
Suppose 0 = -3*n - y + 81, -28*n + 24*n + 3*y = -121. What is the highest common factor of 126 and n?
14
Let l be (8/5)/(8/20). Suppose -l*i - r + 21 = 0, -2*r = -i - 0*r + 3. Suppose i*t - 14 = 16. Calculate the greatest common factor of 48 and t.
6
Let c be (189/6)/(27/414). What is the highest common divisor of 63 and c?
21
Let b(u) = -28*u**2 - 5*u + 3. Let s(n) = -57*n**2 - 11*n + 6. Let t(w) = -5*b(w) + 2*s(w). Let k be t(1). What is the greatest common divisor of k and 65?
13
Suppose -5*c = -90 + 15. Let q be (-9)/c - 265/(-25). Suppose -214 = -2*d - 14. Calculate the highest common factor of q and d.
10
Suppose -3*b + 269 = -2*w, 4*b + 0*w - 3*w = 360. Let y be (4/(-3))/4*-75. Suppose 2*f = b + y. What is the greatest common factor of 8 and f?
8
Let r be (291/(-194))/((-6)/136). Calculate the greatest common divisor of r and 136.
34
Let t(h) = -h**3 + 8*h**2 - 8*h + 3. Let v be t(3). What is the greatest common divisor of 16 and v?
8
Let a(z) = -99*z + 2. Let v be a(-1). Let l = 152 - v. What is the highest common factor of 34 and l?
17
Let f = -19 - -36. Suppose -441 = -10*u + 239. Calculate the greatest common factor of u and f.
17
Suppose 3*s + 3 = 0, -2*s - 39 = -2*g + 49. What is the greatest common factor of 559 and g?
43
Let x(i) = i**3 - i**2 + 4. Suppose 26*v = 20*v. Let g be x(v). Calculate the greatest common divisor of 52 and g.
4
Suppose -4*f + c = -5*f + 15, -4*c = 12. Suppose 2*u - 6 - 6 = 0. Calculate the highest common factor of u and f.
6
Let q(o) = o - 1. Let m be q(1). Suppose 102 = 4*n - a - 2*a, m = 2*n - 2*a - 52. What is the highest common divisor of n and 192?
24
Suppose 4*c - 13 - 59 = -2*m, -5*c + 90 = -2*m. Calculate the greatest common factor of c and 48.
6
Let q be (4/(-3) - 0) + 4263/261. Calculate the highest common divisor of 120 and q.
15
Let d(x) = x**3 + 5*x**2 - 3*x - 10. Let y be d(-5). Suppose 10*j = y*j + 320. What is the highest common factor of 16 and j?
16
Let i = 39 + -35. Let d be i/(-1 - 55/(-50)). Let o be (4 - 2)/((-4)/(-10)). What is the highest common divisor of d and o?
5
Let h(r) = 85*r + 22. Let u be h(0). What is the greatest common factor of 12 and u?
2
Let o be 51/15 - (-2)/(-5) - -4. Suppose -o*w + 2567 - 26 = 0. Calculate the greatest common factor of 33 and w.
33
Let k = 159 + -135. Calculate the greatest common factor of k and 40.
8
Suppose 6*k = 5*i + 10*k - 2888, 3*i + 5*k = 1738. Calculate the greatest common factor of 18 and i.
18
Let y be (-4 + 2)/(((-16)/(-212))/(-2)). Suppose 7 + y = 5*d. Let r be ((-4)/6)/(2/(-18)). Calculate the greatest common divisor of r and d.
6
Let i = -221 + 229. Calculate the greatest common divisor of i and 280.
8
Let d be (-2 - (-10 + 5 - 4)) + 0. Calculate the greatest common factor of d and 581.
7
Let k = 1158 + -838. What is the greatest common factor of 5 and k?
5
Let g = -15 + 22. Let w(z) = 13*z - 1. Let a be w(g). Let b be 2*((-2)/(-2) - -4). Calculate the greatest common factor of b and a.
10
Let d be (-30)/(-45) - 4/(-3). Let i be (d + -3)*(-7)/1. Let k = 15 + i. What is the highest common factor of k and 2?
2
Suppose -121*p + 495 = 2*q - 118*p, -5*q = 3*p - 1260. Let u be (-4)/(-6) - 1510/(-30). Calculate the highest common factor of q and u.
51
Let p be (-3 - 0)/((-6)/504). Calculate the highest common divisor of 28 and p.
28
Let s = 147 - 147. Suppose -5*z + 156 + 54 = s. What is the greatest common divisor of 12 and z?
6
Let c(j) = -15*j - 423. Let f be c(-45). What is the highest common divisor of f and 27?
9
Let g = 18 - 20. Let h = 3 - g. Suppose h = -3*n + 32. What is the greatest common factor of n and 72?
9
Let o = 9 - 4. Suppose -m = o*g - 0*m - 25, 3*m - 3 = 3*g. Suppose 2*k - 24 = 8. What is the highest common factor of g and k?
4
Let m be (-2*(3 + -4))/(1/14). Calculate the highest common factor of 1246 and m.
14
Suppose 2*y + 85 = 157. What is the highest common divisor of 8 and y?
4
Let l(s) = -2*s**2 - 21*s + 4. Let z be l(-10). What is the highest common divisor of z and 42?
14
Suppose 5*y = p - 241, 2*p = -4*y + 6*y + 442. What is the greatest common factor of 16 and p?
8
Let s = 86 - 65. Suppose -7*o + 4*y - 7 = -8*o, -y = 3*o - s. What is the highest common factor of 14 and o?
7
Suppose 3947 = 25*i - 1303. Calculate the highest common divisor of 90 and i.
30
Suppose 129 = -6*d + 177. Calculate the greatest common divisor of 328 and d.
8
Let o = 699 + -409. Calculate the greatest common divisor of 20 and o.
10
Let n = 115 + 2. What is the highest common factor of 156 and n?
39
Let q be 1/(-2) + 1 + 92/8. Let c(b) = 23*b**3 - b**2 + b + 1. Let t be c(1). Calculate the highest common divisor of q and t.
12
Let n = -6 - -32. Let l(r) = -r + 12. Let g be l(10). Suppose g*q + 0*q - n = 0. Calculate the greatest common factor of 117 and q.
13
Suppose -4*q + 288 = -0*q. Suppose 2*y = -5*k + 49, -2 = k + 5*y - 21. Calculate the greatest common divisor of q and k.
9
Let k be 57*(-3)/(-27)*2*-18. Let s be ((-20)/(-40))/((-2)/k). What is the highest c